5. Calculate the greatest common factor of r and 60.
12
Let p(v) = -v**3 + 14*v**2 - 26*v + 25. Let b be p(12). What is the greatest common factor of b and 17?
1
Let h be (1 - 0)/(62/20 - 3). Calculate the highest common divisor of 95 and h.
5
Let o = 3296 + -1866. Calculate the highest common factor of o and 110.
110
Let s(z) = -268*z - 12. Let t be s(-3). Suppose 8*y - t = 4*y. What is the highest common factor of y and 22?
22
Suppose l - a - 9 = 0, 8*a = -2*l + 12*a + 8. What is the highest common divisor of 15 and l?
1
Suppose 1725*q - 1717*q - 104 = 0. Let j be 1/(2 - 331/166). Suppose -94 - j = -4*r. What is the greatest common factor of q and r?
13
Suppose 4*s + s = 4795. What is the greatest common factor of 7 and s?
7
Let l(u) = u**3 - 6*u**2 + 4*u + 9. Let a = 66 + -61. Let b be l(a). Calculate the highest common factor of 4 and b.
4
Let j be (0 - -5)*(-14)/(-10). Let d = j - -16. Calculate the greatest common factor of 92 and d.
23
Let q = -15 - -17. Let c be (-2 - -3) + (2 - q)/4. Suppose 33 = f + 2*f. Calculate the highest common factor of f and c.
1
Let v = -334 + 350. Calculate the greatest common divisor of v and 20.
4
Suppose -258*n = -261*n + 18. Calculate the highest common divisor of 15 and n.
3
Let t be ((-12 - -7) + (-12)/(-3))*-27. Calculate the highest common factor of 351 and t.
27
Let o(v) = -v**3 - 16*v**2 + 17*v + 12. Let y be o(-17). What is the highest common factor of y and 192?
12
Suppose -3*t + 10 + 6 = -x, 0 = t + 4*x - 1. Let z be 4 + -2 + 3 + -4 + 14. Calculate the greatest common factor of t and z.
5
Let s(b) = -b**2 + b + 20. Let g be s(0). Suppose -g = -5*h + 35. Let c(f) = f + 7. Let z be c(4). Calculate the highest common factor of h and z.
11
Let r be 7 + 3/(2/4*2). Let q be ((-4)/r)/((-31)/30 - -1). Calculate the greatest common factor of q and 132.
12
Let w = -18 - -84. Suppose -2*k + 4*u + w = 0, -94 = -3*k + 4*u - 3. Calculate the greatest common factor of 25 and k.
25
Suppose -8 = 2*s - 6*s. Suppose -2*w - s*w = -224. Let o = 29 + -21. Calculate the highest common divisor of o and w.
8
Suppose 0 = 7*r - 10*r. Suppose r = 2*v - 262 - 8. Calculate the greatest common divisor of v and 15.
15
Let m(c) = 0*c**2 + c - 1 + c**2 + 0*c**2 + 5. Let q be m(0). Suppose 5*f + q*o - 100 = 0, 4*f - 39 = -o + 41. Calculate the highest common factor of 20 and f.
20
Let n be (24/(-30))/(-2 - 444/(-225)). Calculate the greatest common divisor of 30 and n.
30
Let i(b) = 24*b - 4. Let t be i(1). Let v = 54 + -4. What is the greatest common factor of t and v?
10
Let b = 102 + -79. Calculate the highest common factor of b and 115.
23
Let s be ((-19)/(-2))/(1/6). Suppose 5*b - s = 78. Suppose 0 = i - 2*i + b. What is the highest common divisor of i and 135?
27
Suppose 0 = -5*b, -124 + 43 = -3*x + 3*b. Let w = x - 27. Suppose w = 13*k - 12*k - 5. Calculate the greatest common factor of k and 55.
5
Let d(w) = -w**2 + 4*w + 37. Let r be d(7). Let p = 44 - r. Calculate the greatest common divisor of p and 28.
28
Let q = 112 - 64. Let y(j) = -j**2 + 3*j + 24. Let b be y(7). Let i = 16 + b. What is the highest common factor of i and q?
12
Let u be (-296)/(-6) - (-5)/(-15). Let z = u - 23. What is the greatest common divisor of z and 39?
13
Let q(j) = j**3 + 4*j**2 - 6*j + 7. Let i be q(-5). Let p = i - 9. Suppose 3 = -p*d + 30. What is the highest common divisor of d and 63?
9
Suppose -5*z + 4*u = -24, -49*z - 4 = -50*z + u. What is the highest common factor of z and 40?
8
Let a(n) = 83*n - 45. Let d be a(7). What is the greatest common divisor of d and 8?
8
Let u(x) = -x**3 - 12*x**2 - 4*x - 12. Let v be u(-12). Let f be 8/(-36) - (-152)/v. Let d be -1*(f + -1) + 4. Calculate the greatest common divisor of d and 9.
1
Let m be 16 - 2/((-8)/(-12)). Suppose -2*c + m = -19. Let f = 74 - 42. Calculate the highest common divisor of f and c.
16
Suppose -4*x = -2*j - 1194, 339 + 554 = 3*x - j. Suppose 2*q - 2*p = 70, -5*p = 7 - 17. Calculate the highest common factor of q and x.
37
Let i be 443/7 + 2/(-7). Suppose -207*g = -208*g + 9. Calculate the greatest common factor of i and g.
9
Let j(g) = 11*g + 327. Let a be j(-27). Calculate the greatest common divisor of a and 20.
10
Let y = 239 - 205. What is the highest common divisor of 629 and y?
17
Let y be 4*(0 - (-34)/8). Let a be (10/(-5))/((-11)/(-6) - 2). Let n(d) = 7*d - 16. Let o be n(a). What is the highest common factor of o and y?
17
Let b = -72 + 152. Suppose 3*m = -2*m - 5*w + b, -2*m + 5*w + 53 = 0. What is the highest common factor of m and 171?
19
Let b = -22 - 46. Let q be (-302)/34 + 8/b. Let u = q + 19. What is the greatest common divisor of 5 and u?
5
Let n(f) be the first derivative of 2*f**4 - f**3 - 2*f**2 - f + 17. Let m be n(3). Calculate the greatest common factor of 22 and m.
22
Let r = 338 + -226. Suppose -4*i + r = 4*v - 2*i, -5*i = 0. What is the highest common factor of v and 28?
28
Let v(f) = -24*f - 28. Let w be v(-4). Calculate the greatest common factor of 51 and w.
17
Let l(m) = 2*m**2 + 11*m + 12. Let x be l(-12). What is the greatest common divisor of 252 and x?
84
Let k be ((-6)/7)/(-1) + (-40866)/(-343). Calculate the greatest common divisor of 216 and k.
24
Let i be 8 - (-24)/(-9 - -5). Let q(t) = -t**2 + 14*t + 21. Let f be q(15). Calculate the highest common divisor of f and i.
2
Let v = 381 - -207. Suppose 4*w + 4*n - v = 0, 0 = w + 4*w + 2*n - 726. Calculate the greatest common divisor of 16 and w.
16
Let m = -94 - 42. Let d = m - -168. What is the highest common factor of d and 288?
32
Let d = -2 + 7. Suppose -2065 = -5*c - 660. Suppose d*f = l - 52, -f + c + 83 = 5*l. Calculate the greatest common factor of l and 18.
18
Suppose -9*m + 82 = -7*m. What is the greatest common divisor of 82 and m?
41
Suppose 16 = 3*m + m. Suppose -m*d + 49 + 7 = 0. What is the highest common factor of 14 and d?
14
Let f be 0 + -3 + 0 - -2. Let o be 6/f*(-20)/15. Calculate the highest common factor of o and 88.
8
Suppose -5*s - 2*h = -6*h - 9, -4 = -h. Suppose -2*l + l - 20 = -5*m, -2*m + 8 = -s*l. What is the greatest common factor of 10 and m?
2
Let o(h) = -2*h. Let p be o(3). Let c(q) = -3*q + 15. Let u be c(p). Calculate the greatest common divisor of 11 and u.
11
Let r be (3 - 6) + 4 + 15. Calculate the highest common divisor of 24 and r.
8
Suppose 28*k - 2580 - 4476 = 0. Calculate the highest common factor of k and 72.
36
Let c = -181 + 306. Calculate the greatest common factor of c and 5.
5
Suppose -27 = -2*h - h. Let b be (-12)/(-21) + -1 - 168/(-49). Suppose b*s + 2*x - 7 - 4 = 0, -x + 5 = s. Calculate the greatest common divisor of s and h.
1
Suppose 4*a = 0, -3*h = 5*a + 17 + 7. Let n = h - -10. Suppose -n*r + 633 = 153. What is the highest common divisor of 30 and r?
30
Suppose 0 = -8*u - 5 - 3, -83 = -4*f - u. What is the greatest common divisor of 427 and f?
7
Suppose 0 = 15*y - 14*y - 7. Calculate the highest common divisor of y and 63.
7
Let q(c) = -c + 1. Let n be q(5). Let g = 7 + n. Suppose -5*r + 368 = -g*w, 5*w + 76 = 3*r - 132. What is the highest common factor of 19 and r?
19
Let h(w) = w - 26. Let y be h(-15). Let j = y - -105. Calculate the greatest common factor of 8 and j.
8
Let u(c) = c - 2. Let x be u(7). Let f(n) = -n + n**2 - 6 - 3*n + x*n. Let d be f(5). What is the highest common divisor of d and 8?
8
Suppose 4416 = -0*n + 6*n. Suppose 4*x - 8*x + n = 0. What is the greatest common divisor of x and 23?
23
Suppose 5*g = -2*k + 254 + 35, -3*k + 429 = 3*g. Suppose 124 = 2*m - k. Suppose -y - 55 = -m. Calculate the highest common divisor of y and 13.
13
Let s = 97 - 71. Calculate the greatest common factor of s and 143.
13
Let q(t) = -t - 26. Let r be q(13). Let m be (-3)/(-1) + r/(-1). What is the greatest common divisor of 63 and m?
21
Let a = 392 - 386. What is the greatest common divisor of 10 and a?
2
Suppose -2*o + 218 = -16. What is the greatest common factor of o and 78?
39
Let t(a) = 5*a + 1. Let s = -31 + 22. Let n be 3/(-4)*24/s. Let f be t(n). Calculate the greatest common factor of f and 1.
1
Let x(t) = t**3 + t**2 - t + 45. Let o be x(0). Suppose 0 = 4*q, k + 4*k + 4*q - 180 = 0. Let c = 54 - k. Calculate the highest common factor of c and o.
9
Let c(z) = -3*z**2 + 30*z + 11. Let i be c(10). Let x be 3*(-4)/6 - -12